2. Suppose 1800 = 106*y - p*y. What is the remainder when y is divided by 52?
44
Suppose 2*k - 9*d - 263 = -14*d, 4*k - 591 = 3*d. What is the remainder when 291 is divided by k?
3
Let r(c) = c + 52. Calculate the remainder when 222 is divided by r(-36).
14
Suppose 6*x - 70 = x. Suppose 0*n + 3*n + 3*h - 672 = 0, 0 = -3*n + 4*h + 679. Let t = n - 129. Calculate the remainder when t is divided by x.
12
Let u(a) = -19*a - 51. Let t(r) = r**2 - 10*r + 9. Let c be t(9). Calculate the remainder when u(-5) is divided by -1 + 2 + c - -15.
12
Suppose -4051 = -159*z + 3104. What is the remainder when 309 is divided by z?
39
Suppose 2*o + 22*o - 749 = -101. Suppose -b = 5*l - 530, 3*l - 2*b = -2*l + 530. Calculate the remainder when l is divided by o.
25
Let l(a) = 7*a - 63. What is the remainder when 61 is divided by l(14)?
26
What is the remainder when 134 is divided by -21*(-96)/896*(-64)/(-6)?
14
What is the remainder when (5 - (-14)/(-2))*998*2/(-4) is divided by 67?
60
Let d = -9325 + 9761. What is the remainder when d is divided by 141?
13
Let y(c) = -34*c - 16. Let t(o) = o**2 - 8*o + 11. Let n be t(5). Calculate the remainder when y(n) is divided by 31.
27
Suppose 7*u - 14*u = 1302. Let s = u + 305. Suppose 5*d = s + 31. Calculate the remainder when 267 is divided by d.
27
Let q = -4051 - -6918. What is the remainder when q is divided by 10?
7
Let o(v) = 7*v + 151. Let j be o(0). Suppose 30*l + j = 571. Calculate the remainder when 25 is divided by l.
11
Let j = 22086 + -21776. Calculate the remainder when j is divided by 309.
1
Calculate the remainder when 610 is divided by (33/55)/(2/(-7) - (-10827)/35910).
2
Let y be (-1)/(-3 + 11/4). Suppose 4*p = y - 0. Calculate the remainder when 36 is divided by 2/(-2) - (-21)/p.
16
Suppose -178*g + 180*g = 6, -3*g = -3*o + 78. What is the remainder when 188 is divided by o?
14
Suppose -7*c - 1172 + 6632 = 0. Suppose -19*s - c = -24*s. Suppose -d - s = -14*d. Calculate the remainder when 23 is divided by d.
11
Let a = 458 - 861. What is the remainder when 309 is divided by (a/195*6)/(1/(-5))?
61
Suppose -w - 5*v - 19 = 0, 3*w + 10*v + 18 = 8*v. Suppose d + 5*q - 44 = -6, 5*d = 3*q + 302. Let t = w + d. What is the remainder when t is divided by 28?
26
Suppose -u = 2*q + 3, 1 = -3*u + 7*q - 5*q. Suppose 100 = -2*g + 7*g. What is the remainder when u/9 + 3340/90 is divided by g?
17
Suppose -4*w - p + 3019 = -691, 4629 = 5*w - 3*p. Calculate the remainder when w is divided by 301.
24
Suppose -25792*t + 24516 + 16244 = -25782*t. Calculate the remainder when t is divided by 170.
166
Let a = 1 + 16. Suppose -3*t - a = 2*k, k - 4 = 2*t - t. Calculate the remainder when (7/2)/(k/(-10)) is divided by 19.
16
Suppose -2*m + 3*d + 58 = -229, 0 = 2*m - d - 289. Let h = m + -136. Calculate the remainder when 75 is divided by h.
3
Let a(i) = -i**3 + 40*i**2 - 375*i + 6. Calculate the remainder when 288 is divided by a(16).
138
Let t(l) = -l**2 + 7*l + 48. Let v be t(11). Suppose -5*q = 4*r - 48, v*r = 2*q + 56 + 20. What is the remainder when 24 is divided by r?
7
Suppose 4*n + 732 = j - 5*j, -3*j - 183 = n. What is the remainder when (4 + -6)*n/2 is divided by 8?
7
Suppose -i + 9 = -21. Suppose -26*p + 8 = -30*p, 0 = -3*k - 5*p + 335. What is the remainder when k is divided by i?
25
Suppose 776 = 2*v - 2*s, -60*v + 59*v = -4*s - 388. Let r = v - 360. Calculate the remainder when r is divided by (0 - 17)/(3/(-3)).
11
Suppose 82 + 38 = 24*d. Suppose 113 = -2*u - 4*w + 295, 0 = 2*u + d*w - 180. Calculate the remainder when u is divided by 21.
11
Suppose -11*t + 8*t + 2*x = -392, -3*t - 4*x + 386 = 0. Let b = -20 - -37. Calculate the remainder when t is divided by b.
11
Suppose 672 = 24*s + 8*s. Suppose -4*u + 1 - 9 = 0. What is the remainder when s is divided by (-6)/15*(u + -13)?
3
Let v = 387 - 77. Suppose -5*d + v = 5*d. Suppose 5*y = -2*l + l + d, -3*l - 3*y + 33 = 0. What is the remainder when 9 is divided by l?
3
Let d(m) = -m**3 + 9*m**2 - 288*m + 1132. What is the remainder when 20816 is divided by d(4)?
56
Suppose 0 = -3*u + 4*r + 291, -4*r = -5*u + 9*u - 388. Suppose 4*i + 11 = g, -5*g - i + u = -0*i. What is the remainder when 73 is divided by g?
16
Suppose 4*c + 21 = 2*d - 11, 5*c + 60 = 5*d. Let f(n) = -3 - 2 - 8*n - d - n + 21*n**2. What is the remainder when f(-2) is divided by 25?
14
Let l(d) = 11*d + 5 + 8*d - 2*d**2 + 2*d**2 + 4*d**2. Let n be l(-6). Suppose 0 = 40*a - n*a - 345. What is the remainder when a is divided by 24?
21
Let q(j) = -j**2 - 11*j - 13. Let m(p) = -p - 15. Let g be m(-6). What is the remainder when q(g) is divided by (-6 + 10)*(-1)/(-1)?
1
Let o(d) = -d - 1. Let l(v) = -51. Let r(y) = l(y) + 6*o(y). Calculate the remainder when 66 is divided by r(-11).
3
Suppose 64 = 3*u + n, 4*n + 30 = -2*u + 3*u. What is the remainder when (-28 - -83)*1/1 is divided by u?
11
Suppose -380 = -5*u + 5*o, -u + 0*o = o - 72. What is the remainder when u is divided by (365 - 370)*2/((6/(-9))/1)?
14
Suppose 2*o = 3*c - 12, -8*c + 7 = -3*c + o. Suppose 93 = -c*t - 117. Let r = -83 - t. Calculate the remainder when 40 is divided by r.
18
Let g(j) = -61*j + 391. Calculate the remainder when g(-3) is divided by 37.
19
Suppose 4*m = -p + 82, 2*p - p + 2*m = 68. Calculate the remainder when 582 is divided by p.
42
Suppose -1547*w = -1550*w + 3*f + 678, 4*f = -28. Let u(t) = 3*t - 2. Calculate the remainder when w is divided by u(8).
21
Let v(p) = -p**3 - 4*p**2 + 3*p - 3. Let y be v(-5). Suppose 215 = y*f - 408. Let a = 211 - f. Calculate the remainder when a is divided by 31.
29
Let h(f) = -f**2 + 12*f - 6. Let y be h(11). Suppose -y*w + 6 = x, 3*w - 91 + 0 = 4*x. Let n = x - -32. What is the remainder when 37 is divided by n?
11
Suppose 0 = 4*o - 2*x + 8697 - 8865, -122 = -3*o + 2*x. Calculate the remainder when o is divided by (-2)/(-7) - (-234)/14.
12
Let p = 6457 + -6432. What is the remainder when 208 is divided by p?
8
Let y = 4 - -5. Let a(n) = 2*n**2 - 37*n - 163. Let r be a(-5). Suppose -y*c + r = -c. What is the remainder when 88 is divided by c?
7
Let r(z) = z**2 + 2. Let y be r(7). Let n = y + -19. Let j(q) = 2*q**2 - 17*q - 111. What is the remainder when n is divided by j(13)?
2
What is the remainder when 1892 is divided by ((-314)/(-5))/((-54)/(-405))?
8
Let g(d) = -2*d**3 + d**2 - 2*d + 6. Let p be g(-3). Let a = p + -26. Suppose q - a - 34 = 0. What is the remainder when q is divided by 21?
20
Let b(r) = 19*r + 282. Suppose 0 = -4*h + 52 + 12. Suppose -4*d = -132 + h. Calculate the remainder when d is divided by b(-14).
13
Let q(u) = -6*u + 222. Let i be (-2 - 198/6)*12/(-14). Calculate the remainder when 166 is divided by q(i).
40
Suppose -i + 11 = -15. Suppose -r - 7 - 6 = 0. Let q = r + i. Calculate the remainder when q is divided by 8.
5
Let g(a) = -54*a - 202. Let v be g(-4). Suppose 5*y + 25 = 0, 4*i = -5*y + v + 33. Calculate the remainder when i is divided by 10.
8
Suppose 4380 = 15*d - 5*d. Let b be (d/(-9))/(8/12). Let f = 110 + b. Calculate the remainder when f is divided by 13.
11
Suppose 82*y = -52*y + 13936. Let u = 16 - -5. Calculate the remainder when y is divided by u.
20
Suppose 2*x + 0*x = 4*x. Suppose x = -s - 5*k + 4 + 33, 8 = 4*k. Calculate the remainder when 267 is divided by s.
24
Let p(y) = -2*y**3 - 4*y**2 + 20*y - 16. Let q be p(-8). Suppose -v - 3*x + 180 = 20, -4*x - q = -4*v. Calculate the remainder when v is divided by 26.
21
Let q = -3796 - -4042. What is the remainder when q is divided by 21?
15
Let i = 70 - -26. Suppose 0 = -4*v - 3*c + i, -5*v + c = 18 - 157. What is the remainder when v is divided by (-1)/(-4) - 134/(-8)?
10
Let m = -101 + 105. Suppose m*j + u = -0*j + 440, 2*u + 230 = 2*j. Calculate the remainder when j is divided by 8*4/(-8) + 32.
27
Let k(h) = 32*h + 121. Calculate the remainder when 1266 is divided by k(-3).
16
Suppose 12 = 23*j - 21*j, -4*t - 5*j = -138. Calculate the remainder when t is divided by 24.
3
Let o = 3185 - 2500. Calculate the remainder when o is divided by 14.
13
Let n(c) = -c**2 + 17*c + 62. Let t be n(20). Suppose 313 = 4*o - 5*d, 3*d - 5*d + 134 = t*o. Calculate the remainder when o is divided by 29.
14
Let z = -4132 - -4093. Let h be (32 - 1)*(1 - -1). Let j = h + z. Calculate the remainder when 45 is divided by